{"id":26,"date":"2020-04-01T21:31:46","date_gmt":"2020-04-01T21:31:46","guid":{"rendered":"http:\/\/vocalensemble-brilon.de\/?page_id=26"},"modified":"2025-11-05T13:53:11","modified_gmt":"2025-11-05T13:53:11","slug":"archiv","status":"publish","type":"page","link":"https:\/\/vocalensemble-brilon.de\/?page_id=26","title":{"rendered":"Archiv"},"content":{"rendered":"\n<p><strong>03.03.2024 um 20:00 Uhr<\/strong><\/p>\n\n\n\n<h2 class=\"wp-block-heading\"><img loading=\"lazy\" decoding=\"async\" width=\"1161\" height=\"1552\" class=\"wp-image-270\" style=\"width: 1161px;\" src=\"https:\/\/vocalensemble-brilon.de\/wp-content\/uploads\/2024\/03\/IMG-20240228-WA0000-1.jpg\" alt=\"\" srcset=\"https:\/\/vocalensemble-brilon.de\/wp-content\/uploads\/2024\/03\/IMG-20240228-WA0000-1.jpg 1197w, https:\/\/vocalensemble-brilon.de\/wp-content\/uploads\/2024\/03\/IMG-20240228-WA0000-1-224x300.jpg 224w, https:\/\/vocalensemble-brilon.de\/wp-content\/uploads\/2024\/03\/IMG-20240228-WA0000-1-766x1024.jpg 766w, https:\/\/vocalensemble-brilon.de\/wp-content\/uploads\/2024\/03\/IMG-20240228-WA0000-1-768x1027.jpg 768w, https:\/\/vocalensemble-brilon.de\/wp-content\/uploads\/2024\/03\/IMG-20240228-WA0000-1-1149x1536.jpg 1149w\" sizes=\"auto, (max-width: 767px) 89vw, (max-width: 1000px) 54vw, (max-width: 1071px) 543px, 580px\" \/><\/h2>\n\n\n\n<figure class=\"wp-block-gallery has-nested-images columns-default is-cropped wp-block-gallery-2 is-layout-flex wp-block-gallery-is-layout-flex\"><\/figure>\n\n\n\n<blockquote class=\"wp-block-quote is-layout-flow wp-block-quote-is-layout-flow\">\n<h1 class=\"wp-block-heading\">20 Jahre Vocalensemble Brilon: Empfehlung, besuchen Sie das 140. Kerzenkonzert in der Nikolaikirche am Sonntag, 3. M\u00e4rz 2024<\/h1>\n\n\n\n<ul class=\"wp-block-list\">\n<li><a href=\"https:\/\/brilon-totallokal.de\/author\/ulrichtrommer\/\"><\/a><a href=\"https:\/\/brilon-totallokal.de\/author\/ulrichtrommer\/\">ULRICH TROMMER<\/a><\/li>\n\n\n\n<li>15. FEBRUAR 2024<\/li>\n\n\n\n<li><a href=\"https:\/\/brilon-totallokal.de\/category\/aktuell\/\">AKTUELL<\/a><\/li>\n<\/ul>\n\n\n\n<p><strong>Empfehlung: 20 Jahre Vocalensemble Brilon \u2013&nbsp;<\/strong><strong>Brilon Kultour veranstaltet das 140. Kerzenkonzert<\/strong><\/p>\n\n\n\n<p>Anl\u00e4sslich seines 20-j\u00e4hrigen Bestehens gestaltet das Vocalensemble Brilon unter der Leitung von Christine Wallnau-Toepfer am Sonntag, 3. M\u00e4rz 2024 um 20 Uhr das 140. Kerzenkonzert in der Nikolaikirche Brilon. Das Vocalensemble hat ein vielseitiges Repertoire und war bereits in den Jahren 2010 und 2014 im Rahmen der Kerzenkonzerte in der Nikolaikirche zu Gast.<\/p>\n\n\n\n<p>F\u00fcr das bevorstehende Konzert konnten neben der Pianistin Sonja Harlinghausen-Br\u00fcggemann als weitere Mitwirkende das Morgenstern Quartett und die Sopranistin Carolina Hense Moreno gewonnen werden.<\/p>\n\n\n\n<p>Die vier Musikerinnen des Morgenstern Quartetts verbindet die Leidenschaft f\u00fcr das Quartettspiel. Dabei widmen sie sich neben der klassischen und romantischen Literatur auch den Werken moderner Komponisten wie Pyarelal Sharma, John Williams und Philip Glass. Sie konzertierten nach ihrem Studium an Hochschulen in Rostock, Alma-Ata, Barnaul und Dresden mit verschiedenen Ensembles in Italien, Frankreich und Ungarn. Das Streichquartett bekommt immer wieder musikalische Impulse von bekannten Geigern wie Daniel Draganov von der Deutschen Oper Berlin oder Prof. Christian Sikorski von der Musikhochschule Stuttgart und Gr\u00fcnder des Sikorski-Quartetts.<\/p>\n\n\n\n<p>Die Sopranistin Carolina Hense Moreno ist 16 Jahre jung und besucht das Ev. Stift. Gymnasium in G\u00fctersloh. Seit ihrem 10. Lebensjahr nimmt sie Gesangsunterricht bei Gudrun Elpert-Resch an der Musikschule f\u00fcr den Kreis G\u00fctersloh. Mit ihrem leuchtkr\u00e4ftigen, instrumental gef\u00fchrten Sopran war sie bereits mehrfach Preistr\u00e4gerin bei \u201eJugend musiziert\u201c, zuletzt beim Bundeswettbewerb in Zwickau. Dar\u00fcber hinaus geh\u00f6rt sie der Talentakademie OWL an.<\/p>\n\n\n\n<p>Auf dem Programm des Konzertes stehen Vocal- und Instrumentalwerke aus mehreren Jahrhunderten. So erklingen u. a. Werke von Vivaldi, Telemann, Mendelssohn Bartholdy und John Rutter, der gegenw\u00e4rtig als einer der bedeutendsten und popul\u00e4rsten Komponisten von Chor- und Kirchenmusik gilt.<\/p>\n\n\n\n<p>Das 140. Kerzenkonzert von Brilon Kultour findet mit Unterst\u00fctzung der Firma Oventrop statt. Karten im Vorverkauf gibt es in den Buchhandlungen Prange und Podszun sowie bei der BWT, telefonisch unter 02961 \/ 9699-0 oder per Mail an&nbsp;kultur@brilon.de. Sie kosten im Vorverkauf 16 Euro, an der Abendkasse 18 Euro. Sch\u00fclerinnen und Sch\u00fcler erhalten erm\u00e4\u00dfigte Karten f\u00fcr 10 bzw. 12 Euro. Der Einlass zum Konzert beginnt um 19.30 Uhr.<\/p>\n\n\n\n<p><\/p>\n<\/blockquote>\n\n\n\n<figure class=\"wp-block-gallery has-nested-images columns-default is-cropped wp-block-gallery-3 is-layout-flex wp-block-gallery-is-layout-flex\"><\/figure>\n\n\n\n<h1 class=\"wp-block-heading\">Einmal Broadway und zur\u00fcck in 90 Minuten<\/h1>\n\n\n\n<figure class=\"wp-block-image size-large\"><img loading=\"lazy\" decoding=\"async\" width=\"1024\" height=\"642\" src=\"https:\/\/vocalensemble-brilon.de\/wp-content\/uploads\/2023\/03\/image-1024x642.png\" alt=\"\" class=\"wp-image-225\" srcset=\"https:\/\/vocalensemble-brilon.de\/wp-content\/uploads\/2023\/03\/image-1024x642.png 1024w, https:\/\/vocalensemble-brilon.de\/wp-content\/uploads\/2023\/03\/image-300x188.png 300w, https:\/\/vocalensemble-brilon.de\/wp-content\/uploads\/2023\/03\/image-768x481.png 768w, https:\/\/vocalensemble-brilon.de\/wp-content\/uploads\/2023\/03\/image-1536x962.png 1536w, https:\/\/vocalensemble-brilon.de\/wp-content\/uploads\/2023\/03\/image.png 2000w\" sizes=\"auto, (max-width: 767px) 89vw, (max-width: 1000px) 54vw, (max-width: 1071px) 543px, 580px\" \/><\/figure>\n\n\n\n<h2 class=\"wp-block-heading\">Unm\u00f6glich? Nicht in der Kreuzkirche Bestwig.<\/h2>\n\n\n\n<p><strong>Am 16.10.2011 gab das Vocalensemble Brilon zusammen mit der Pianistin Sonja Harlinghausen, bekannt aus Funk und Fernsehen, unter der Leitung von Christine Wallnau-Toepfer ein wahrhaft be- und verzauberndes Konzert in der vollbesetzten Kreuzkirche Bestwig mit Songs und Medleys aus der Musikwelt von Broadway und Hollywood.<\/strong><\/p>\n\n\n\n<p>Barbara M\u00fcller f\u00fchrte durch das abwechslungsreiche Programm mit Inhaltsangaben zu den einzelnen St\u00fccken. Die bekannten und beliebten Evergreens konnten so gut nachvollzogen werden.<\/p>\n\n\n\n\n\n\n\n<h1 class=\"wp-block-heading\">Die sch\u00f6nsten Melodien aus Film &amp; Musical \u2026<\/h1>\n\n\n\n<p><strong>Siegerland Kurier&nbsp;\u2013 Sauerland Kurier&nbsp;|&nbsp; Brilon, 12.10.2011<\/strong><\/p>\n\n\n\n<p><strong>Zu einem Ausflug in die Welt des Musi\u00adcals und der Film\u00admusik l\u00e4dt die Kirchen\u00adge\u00admeinde Bestwig in die Kreuz\u00adkirche ein. Zu Gast ist am Sonntag, 16. Oktober, um 18 Uhr das Voca\u00adlen\u00adsemble Brilon, das das Publikum mit vielen traum\u00adhaften Melo\u00addien aus welt\u00adbe\u00adkannten Musi\u00adcals wie \u201cK\u00f6nig der L\u00f6wen\u201d, \u201cPhantom der Oper\u201d oder \u201cLes Mise\u00adra\u00adbles\u201d genau so unter\u00adhalten wird wie mit unver\u00adges\u00adsenen Titeln, die urspr\u00fcng\u00adlich die Kino\u00ads\u00e4le f\u00fcllten.<\/strong><\/p>\n\n\n\n<p>Die sch\u00f6nsten Melodien aus Film &amp; Musical pr\u00e4sentiert das Vocalensemble in Bestwig.<\/p>\n\n\n\n<p><\/p>\n\n\n\n<h1 class=\"wp-block-heading\">F\u00fcnf Jahrhunderte mit geistlicher Chor- und Orgelmusik \u2026<\/h1>\n\n\n\n<p><strong>Am 13. November 2010 fand eine musikalische Zeitreise durch f\u00fcnf&nbsp; Jahrhunderte mit geistlicher Chor- und Orgelmusik in der Pfarrkirche St. Nikolaus in B\u00fcren statt.<\/strong><\/p>\n\n\n\n<p>Das Vocalensemble Brilon, unter der Leitung von der studierten Kirchenmusikerin Christine Wallnau- Toepfer, die auch die Gesamtleitung des Konzertes inne hatte, verzauberte die Zuh\u00f6rer abwechselnd mit Gesang und Orgelwerken.<\/p>\n\n\n\n<p><\/p>\n\n\n\n<h1 class=\"wp-block-heading\">Eine wunderbare Welt der Musik<\/h1>\n\n\n\n<p><strong>Vocalensemble Brilon und Pianistin Sonja Harlinghausen begeistern<\/strong><\/p>\n\n\n\n<p><strong>\u201cYou\u00b4ll never walk alone\u201d-<\/strong><\/p>\n\n\n\n<figure class=\"wp-block-table\"><table><tbody><tr><td>Das dachte sich das Vocalensemble Brilon, als es am 11.03.2012 zusammen mit der Pianistin Sonja Harlinghausen, bekannt aus Funk und Fernsehen, unter der Leitung von Christine Wallnau-Toepfer, auf die B\u00fchne des Atriums der Sparkasse Hochsauerland in Brilon stieg und ein volles Haus vorfand. Das Konzert fand auf Einladung der Sparkasse Hochsauerland statt.<\/td><td><\/td><\/tr><\/tbody><\/table><\/figure>\n\n\n\n<h3 class=\"wp-block-heading\">Brilon-Totallokal: All ihr V\u00f6lker, lobet den Herrn<\/h3>\n\n\n\n<p><strong>brilon-totallokal:<\/strong>&nbsp; Brilon \u2013 Am Sonntag, 21. September 2014 um 17.00 Uhr laden die Freunde der Keffelke-Kapelle wieder zu einem Konzert in die Keffelke-Kapelle ein.<\/p>\n\n\n\n<p>Das Vocalensemble Brilon unter der Leitung von Christine Wallnau-Toepfer und das Blockfl\u00f6tenquartett \u201econ flauti\u201c Olsberg unter der Leitung von Claudia Volpers-K\u00fcnemund, gestalten dieses Konzert mit Musik verschiedener Kontinente. Dabei kommt das Lob Gottes in ganz unterschiedlichen Kl\u00e4ngen und Stilrichtungen zum Ausdruck.<\/p>\n\n\n\n<p>So werden unter anderem die \u201eMissa Africana\u201c f\u00fcr gemischten Chor und Trommel von Michael Schmoll, sowie \u201eWasma ajelile\u201c, ein Gospel aus Ghana, zu h\u00f6ren sein. Daneben musizieren beide Ensembles aus Musikwerken europ\u00e4ischer Komponisten.<\/p>\n\n\n\n<p>Erleben Sie geistliche Musik mal anders. Der Eintritt zu diesem Konzert ist frei \u2013 um eine Spenden wird gebeten. Weitere Informationen zum Konzert erhalten Sie bei Brilon Kultour unter Tel. 0 29 61 \/ 96 99 50 oder E-Mail: kultur@brilon.de.Bericht :&nbsp;brilon-totallokal.de&nbsp;&nbsp;&nbsp;&nbsp;Ihr Nachrichtenmagazin aus Brilon<\/p>\n\n\n\n<h2 class=\"wp-block-heading\">Konzert f\u00fcr die Kapelle<\/h2>\n\n\n\n<p>04.09.12&nbsp;23:15<\/p>\n\n\n\n<figure class=\"wp-block-image\"><a href=\"http:\/\/www.sauerlandkurier.de\/hochsauerlandkreis\/brilon\/konzert-kapelle-5816458.html#\"><img decoding=\"async\" src=\"https:\/\/www.sauerlandkurier.de\/bilder\/2012\/09\/04\/5816458\/1468575853-65169199_5736-41a7.jpg\" alt=\"Das Vocalensemble Brilon (Foto) gestaltet gemeinsam mit dem Blockfl\u00f6tensensemble ?flautissimo? das Benefizkonzert in der Keffelke-Kapelle.\" title=\"Das Vocalensemble Brilon (Foto) gestaltet gemeinsam mit dem Blockfl\u00f6tensensemble ?flautissimo? das Benefizkonzert in der Keffelke-Kapelle.\"\/><\/a><figcaption class=\"wp-element-caption\">Das Vocalensemble Brilon (Foto) gestaltet gemeinsam mit dem Blockfl\u00f6tensensemble ?flautissimo? das Benefizkonzert in der Keffelke-Kapelle.<\/figcaption><\/figure>\n\n\n\n<p>In der Keffelke-Kapelle findet am Sonntag, 9. September, um 17 Uhr ein Benefizkonzert zugunsten der Keffelke-Kapelle ein. Gestaltet wird das Konzert vom Vocalensemble Brilon unter der Leitung von Christine Wallnau-Toepfer und dem Blockfl\u00f6tenensemble ?flautissimo? aus Olsberg. Beide Ensembles bringen sowohl Musik alter Meister als auch zeitgen\u00f6ssischer Komponisten zu Geh\u00f6r.<\/p>\n\n\n\n<p>Das Blockfl\u00f6tenensemble ?flautissimo? Olsberg fand sich 2008 als Quartett zusammen. Seit M\u00e4rz dieses Jahres musizieren sie in teilweise neuer Besetzung auch als Quintett. Sie widmen sich einer breiten Auswahl von Werken der Blockfl\u00f6tenliteratur. Sowohl Renaissancemusik und die bekannten barocken Klassiker, wie Telemann und H\u00e4ndel, als auch Komponisten des 20. Jahrhunderts und unterschiedliche Bearbeitungen f\u00fcr Blockfl\u00f6tenensembles geh\u00f6ren zu ihrem Repertoire. ?flautissimo? ist immer auf der Suche nach interessanten Interpretationen aus den unterschiedlichsten Stilrichtungen und m\u00f6chte damit auch Blockfl\u00f6tenskeptikern zeigen, welche musikalischen M\u00f6glichkeiten in diesem vielseitigen Instrument stecken. Der Eintritt zu diesem Konzert ist frei. Um Spenden zum Erhalt der Kapelle wird gebeten. Weitere Informationen zum Konzert gibt es bei Brilon Kultour, Tel.: 02961\/969950 oder E-Mail: kultur@brilon.de.<\/p>\n","protected":false},"excerpt":{"rendered":"<p>03.03.2024 um 20:00 Uhr Einmal Broadway und zur\u00fcck in 90 Minuten Unm\u00f6glich? Nicht in der Kreuzkirche Bestwig. Am 16.10.2011 gab das Vocalensemble Brilon zusammen mit der Pianistin Sonja Harlinghausen, bekannt aus Funk und Fernsehen, unter der Leitung von Christine Wallnau-Toepfer ein wahrhaft be- und verzauberndes Konzert in der vollbesetzten Kreuzkirche Bestwig mit Songs und Medleys &hellip; <\/p>\n<p class=\"link-more\"><a href=\"https:\/\/vocalensemble-brilon.de\/?page_id=26\" class=\"more-link\"><span class=\"screen-reader-text\">\u201eArchiv\u201c <\/span>weiterlesen<\/a><\/p>\n","protected":false},"author":1,"featured_media":0,"parent":0,"menu_order":0,"comment_status":"closed","ping_status":"closed","template":"","meta":{"footnotes":""},"class_list":["post-26","page","type-page","status-publish","hentry"],"yoast_head":"<!-- This site is optimized with the Yoast SEO plugin v27.3 - https:\/\/yoast.com\/product\/yoast-seo-wordpress\/ -->\n<title>Archiv - Vocalensemble Brilon<\/title>\n<meta name=\"robots\" content=\"index, follow, max-snippet:-1, max-image-preview:large, max-video-preview:-1\" \/>\n<link rel=\"canonical\" href=\"https:\/\/vocalensemble-brilon.de\/?page_id=26\" \/>\n<meta property=\"og:locale\" content=\"de_DE\" \/>\n<meta property=\"og:type\" content=\"article\" \/>\n<meta property=\"og:title\" content=\"Archiv - Vocalensemble Brilon\" \/>\n<meta property=\"og:description\" content=\"03.03.2024 um 20:00 Uhr Einmal Broadway und zur\u00fcck in 90 Minuten Unm\u00f6glich? Nicht in der Kreuzkirche Bestwig. Am 16.10.2011 gab das Vocalensemble Brilon zusammen mit der Pianistin Sonja Harlinghausen, bekannt aus Funk und Fernsehen, unter der Leitung von Christine Wallnau-Toepfer ein wahrhaft be- und verzauberndes Konzert in der vollbesetzten Kreuzkirche Bestwig mit Songs und Medleys &hellip; \u201eArchiv\u201c weiterlesen\" \/>\n<meta property=\"og:url\" content=\"https:\/\/vocalensemble-brilon.de\/?page_id=26\" \/>\n<meta property=\"og:site_name\" content=\"Vocalensemble Brilon\" \/>\n<meta property=\"article:modified_time\" content=\"2025-11-05T13:53:11+00:00\" \/>\n<meta property=\"og:image\" content=\"https:\/\/vocalensemble-brilon.de\/wp-content\/uploads\/2024\/03\/IMG-20240228-WA0000-1.jpg\" \/>\n\t<meta property=\"og:image:width\" content=\"1197\" \/>\n\t<meta property=\"og:image:height\" content=\"1600\" \/>\n\t<meta property=\"og:image:type\" content=\"image\/jpeg\" \/>\n<meta name=\"twitter:card\" content=\"summary_large_image\" \/>\n<meta name=\"twitter:label1\" content=\"Gesch\u00e4tzte Lesezeit\" \/>\n\t<meta name=\"twitter:data1\" content=\"5\u00a0Minuten\" \/>\n<script type=\"application\/ld+json\" class=\"yoast-schema-graph\">{\"@context\":\"https:\\\/\\\/schema.org\",\"@graph\":[{\"@type\":\"WebPage\",\"@id\":\"https:\\\/\\\/vocalensemble-brilon.de\\\/?page_id=26\",\"url\":\"https:\\\/\\\/vocalensemble-brilon.de\\\/?page_id=26\",\"name\":\"Archiv - Vocalensemble Brilon\",\"isPartOf\":{\"@id\":\"https:\\\/\\\/vocalensemble-brilon.de\\\/#website\"},\"primaryImageOfPage\":{\"@id\":\"https:\\\/\\\/vocalensemble-brilon.de\\\/?page_id=26#primaryimage\"},\"image\":{\"@id\":\"https:\\\/\\\/vocalensemble-brilon.de\\\/?page_id=26#primaryimage\"},\"thumbnailUrl\":\"https:\\\/\\\/vocalensemble-brilon.de\\\/wp-content\\\/uploads\\\/2024\\\/03\\\/IMG-20240228-WA0000-1.jpg\",\"datePublished\":\"2020-04-01T21:31:46+00:00\",\"dateModified\":\"2025-11-05T13:53:11+00:00\",\"breadcrumb\":{\"@id\":\"https:\\\/\\\/vocalensemble-brilon.de\\\/?page_id=26#breadcrumb\"},\"inLanguage\":\"de\",\"potentialAction\":[{\"@type\":\"ReadAction\",\"target\":[\"https:\\\/\\\/vocalensemble-brilon.de\\\/?page_id=26\"]}]},{\"@type\":\"ImageObject\",\"inLanguage\":\"de\",\"@id\":\"https:\\\/\\\/vocalensemble-brilon.de\\\/?page_id=26#primaryimage\",\"url\":\"https:\\\/\\\/vocalensemble-brilon.de\\\/wp-content\\\/uploads\\\/2024\\\/03\\\/IMG-20240228-WA0000-1.jpg\",\"contentUrl\":\"https:\\\/\\\/vocalensemble-brilon.de\\\/wp-content\\\/uploads\\\/2024\\\/03\\\/IMG-20240228-WA0000-1.jpg\",\"width\":1197,\"height\":1600},{\"@type\":\"BreadcrumbList\",\"@id\":\"https:\\\/\\\/vocalensemble-brilon.de\\\/?page_id=26#breadcrumb\",\"itemListElement\":[{\"@type\":\"ListItem\",\"position\":1,\"name\":\"Startseite\",\"item\":\"https:\\\/\\\/vocalensemble-brilon.de\\\/\"},{\"@type\":\"ListItem\",\"position\":2,\"name\":\"Archiv\"}]},{\"@type\":\"WebSite\",\"@id\":\"https:\\\/\\\/vocalensemble-brilon.de\\\/#website\",\"url\":\"https:\\\/\\\/vocalensemble-brilon.de\\\/\",\"name\":\"Vocalensemble Brilon\",\"description\":\"\",\"potentialAction\":[{\"@type\":\"SearchAction\",\"target\":{\"@type\":\"EntryPoint\",\"urlTemplate\":\"https:\\\/\\\/vocalensemble-brilon.de\\\/?s={search_term_string}\"},\"query-input\":{\"@type\":\"PropertyValueSpecification\",\"valueRequired\":true,\"valueName\":\"search_term_string\"}}],\"inLanguage\":\"de\"}]}<\/script>\n<!-- \/ Yoast SEO plugin. -->","yoast_head_json":{"title":"Archiv - Vocalensemble Brilon","robots":{"index":"index","follow":"follow","max-snippet":"max-snippet:-1","max-image-preview":"max-image-preview:large","max-video-preview":"max-video-preview:-1"},"canonical":"https:\/\/vocalensemble-brilon.de\/?page_id=26","og_locale":"de_DE","og_type":"article","og_title":"Archiv - Vocalensemble Brilon","og_description":"03.03.2024 um 20:00 Uhr Einmal Broadway und zur\u00fcck in 90 Minuten Unm\u00f6glich? Nicht in der Kreuzkirche Bestwig. Am 16.10.2011 gab das Vocalensemble Brilon zusammen mit der Pianistin Sonja Harlinghausen, bekannt aus Funk und Fernsehen, unter der Leitung von Christine Wallnau-Toepfer ein wahrhaft be- und verzauberndes Konzert in der vollbesetzten Kreuzkirche Bestwig mit Songs und Medleys &hellip; \u201eArchiv\u201c weiterlesen","og_url":"https:\/\/vocalensemble-brilon.de\/?page_id=26","og_site_name":"Vocalensemble Brilon","article_modified_time":"2025-11-05T13:53:11+00:00","og_image":[{"width":1197,"height":1600,"url":"https:\/\/vocalensemble-brilon.de\/wp-content\/uploads\/2024\/03\/IMG-20240228-WA0000-1.jpg","type":"image\/jpeg"}],"twitter_card":"summary_large_image","twitter_misc":{"Gesch\u00e4tzte Lesezeit":"5\u00a0Minuten"},"schema":{"@context":"https:\/\/schema.org","@graph":[{"@type":"WebPage","@id":"https:\/\/vocalensemble-brilon.de\/?page_id=26","url":"https:\/\/vocalensemble-brilon.de\/?page_id=26","name":"Archiv - Vocalensemble Brilon","isPartOf":{"@id":"https:\/\/vocalensemble-brilon.de\/#website"},"primaryImageOfPage":{"@id":"https:\/\/vocalensemble-brilon.de\/?page_id=26#primaryimage"},"image":{"@id":"https:\/\/vocalensemble-brilon.de\/?page_id=26#primaryimage"},"thumbnailUrl":"https:\/\/vocalensemble-brilon.de\/wp-content\/uploads\/2024\/03\/IMG-20240228-WA0000-1.jpg","datePublished":"2020-04-01T21:31:46+00:00","dateModified":"2025-11-05T13:53:11+00:00","breadcrumb":{"@id":"https:\/\/vocalensemble-brilon.de\/?page_id=26#breadcrumb"},"inLanguage":"de","potentialAction":[{"@type":"ReadAction","target":["https:\/\/vocalensemble-brilon.de\/?page_id=26"]}]},{"@type":"ImageObject","inLanguage":"de","@id":"https:\/\/vocalensemble-brilon.de\/?page_id=26#primaryimage","url":"https:\/\/vocalensemble-brilon.de\/wp-content\/uploads\/2024\/03\/IMG-20240228-WA0000-1.jpg","contentUrl":"https:\/\/vocalensemble-brilon.de\/wp-content\/uploads\/2024\/03\/IMG-20240228-WA0000-1.jpg","width":1197,"height":1600},{"@type":"BreadcrumbList","@id":"https:\/\/vocalensemble-brilon.de\/?page_id=26#breadcrumb","itemListElement":[{"@type":"ListItem","position":1,"name":"Startseite","item":"https:\/\/vocalensemble-brilon.de\/"},{"@type":"ListItem","position":2,"name":"Archiv"}]},{"@type":"WebSite","@id":"https:\/\/vocalensemble-brilon.de\/#website","url":"https:\/\/vocalensemble-brilon.de\/","name":"Vocalensemble Brilon","description":"","potentialAction":[{"@type":"SearchAction","target":{"@type":"EntryPoint","urlTemplate":"https:\/\/vocalensemble-brilon.de\/?s={search_term_string}"},"query-input":{"@type":"PropertyValueSpecification","valueRequired":true,"valueName":"search_term_string"}}],"inLanguage":"de"}]}},"_links":{"self":[{"href":"https:\/\/vocalensemble-brilon.de\/index.php?rest_route=\/wp\/v2\/pages\/26","targetHints":{"allow":["GET"]}}],"collection":[{"href":"https:\/\/vocalensemble-brilon.de\/index.php?rest_route=\/wp\/v2\/pages"}],"about":[{"href":"https:\/\/vocalensemble-brilon.de\/index.php?rest_route=\/wp\/v2\/types\/page"}],"author":[{"embeddable":true,"href":"https:\/\/vocalensemble-brilon.de\/index.php?rest_route=\/wp\/v2\/users\/1"}],"replies":[{"embeddable":true,"href":"https:\/\/vocalensemble-brilon.de\/index.php?rest_route=%2Fwp%2Fv2%2Fcomments&post=26"}],"version-history":[{"count":15,"href":"https:\/\/vocalensemble-brilon.de\/index.php?rest_route=\/wp\/v2\/pages\/26\/revisions"}],"predecessor-version":[{"id":477,"href":"https:\/\/vocalensemble-brilon.de\/index.php?rest_route=\/wp\/v2\/pages\/26\/revisions\/477"}],"wp:attachment":[{"href":"https:\/\/vocalensemble-brilon.de\/index.php?rest_route=%2Fwp%2Fv2%2Fmedia&parent=26"}],"curies":[{"name":"wp","href":"https:\/\/api.w.org\/{rel}","templated":true}]}}